{"id":48472,"date":"2026-01-21T12:53:17","date_gmt":"2026-01-21T10:53:17","guid":{"rendered":"https:\/\/fsrr.org\/?post_type=mostre&#038;p=48472"},"modified":"2026-01-21T12:53:19","modified_gmt":"2026-01-21T10:53:19","slug":"unespressione-geografica-unita-e-identita-dellitalia-attraverso-larte-contemporanea","status":"publish","type":"mostre","link":"https:\/\/fsrr.org\/en\/mostre-category\/unespressione-geografica-unita-e-identita-dellitalia-attraverso-larte-contemporanea\/","title":{"rendered":"Un'Espressione Geografica. Unit\u00e0 e Identit\u00e0 dell\u2019Italia attraverso l\u2019Arte Contemporanea"},"content":{"rendered":"<p><strong>Artist\u0259:<\/strong> <strong>Ibon Aranberri, Johanna Billing, Sunah Choi, Isabelle Cornaro, Gintaras Did\u017eiapetris, Gabriel Kuri, Hilary Lloyd, Victor Man, Hugo Markl, Nathaniel Mellors, Roman Ond\u00e1k, Taiyo Onorato &amp; Nico Krebs, Ferhat \u00d6zg\u00fcr, Tobias Putrih, Markus Schinwald, Kate\u0159ina \u0160ed\u00e1, Ruti Sela &amp; Maayan Amir,\u00a0 Michael Stevenson &amp; Cornelia Schmidt \u2013 Bleek, Ulla Von Brandenburg, Andro Wekua<\/strong><\/p>\n<p>In occasione delle celebrazioni per i 150 anni dell\u2019Unit\u00e0 d\u2019Italia, Fondazione Sandretto Re Rebaudengo presenta la mostra Un\u2019Espressione Geografica. Unit\u00e0 e Identit\u00e0 dell\u2019Italia attraverso l\u2019Arte Contemporanea realizzata in collaborazione con Banca Fideuram (Gruppo Intesa Sanpaolo). Un\u2019Espressione Geografica, a cura di Francesco Bonami, ha il patrocinio del Comitato Italia 150.<br \/>\nLa mostra \u00e8 aperta a Torino, negli spazi della Fondazione Sandretto Re Rebaudengo, il 19 maggio per concludersi il l'8 gennaio 2012.<br \/>\nPerch\u00e9 celebrare 150 anni dell\u2019unit\u00e0 d\u2019Italia significa esaltare esclusivamente il passato del nostro Paese? \u201cUn\u2019espressione Geografica\u201d celebra un\u2019Italia contemporanea e guarda al futuro attraverso le opere di 20 artisti stranieri.<br \/>\nDa uno sguardo innovativo e visionario sul nostro territorio nasce una mostra nuova, con opere nuove, realizzate e prodotte in Italia.<\/p>\n<p>La mostra racconta il Paese di oggi e di domani, ritraendo le ricchezze e le specificit\u00e0 di ciascuna Regione. Ne emerge un ritratto inedito del panorama sociale, politico e culturale: come eravamo, ma soprattutto come siamo e come saremo. Un racconto delle meraviglie e delle contraddizioni che caratterizzano un\u2019Italia unica, sempre in bilico tra tradizione e innovazione, storia e contemporaneit\u00e0. Il 2 agosto 1847 lo statista austriaco Klemens Von Metternich scrisse, in una nota inviata al conte Dietrichstein, la famosa e controversa frase \u00abL\u2019Italia \u00e8 un\u2019espressione geografica\u00bb. Tale frase venne ripresa l\u2019anno successivo dal quotidiano napoletano Il Nazionale, riportandola per\u00f2 in senso dispregiativo: \u201cL\u2019Italia non \u00e8 che un\u2019espressione geografica\u201d; nel pieno deiMoti del \u201848, i liberali italiani si appropriarono polemicamente di quest\u2019ultima interpretazione utilizzandola, in chiave patriottica per risvegliare il sentimento anti-austriaco negli italiani. Gli storici sono abbastanza concordi nel riconoscere nell\u2019affermazione di Metternich la constatazione di uno stato di fatto, piuttosto che una connotazione negativa: dal punto di vista politico, infatti, lo statista austriaco notava come l\u2019Italia fosse \u201ccomposta da Stati sovrani, reciprocamente indipendenti\u201d<\/p>\n<p>Partendo dalla definizione \u201cEspressione Geografica\u201c la Fondazione Sandretto Re Rebaudengo desidera riflettere su come oggi, in un mondo globale dove lo scambio fra le culture e le economie ha cancellato l\u2019antico concetto di confine, la geografia di una nazione sia ritornata a essere un argomento estremamente attuale. Un\u2019Espressione Geografica \u00e8 il risultato di un viaggio in Italia intrapreso da venti artisti, provenienti da diverse nazioni europee, ognuno in una delle venti Regioni italiane. Ogni artista \u00e8 accompagnato nel suo viaggio da un giovane corrispondente della Regione prescelta, che lo guida attraverso il territorio di quest\u2019ultima rivelandone l\u2019identit\u00e0 e le specificit\u00e0. Gli artisti si trasformano cos\u00ec in Goethe contemporanei per interpretare, attraverso il loro linguaggio individuale, l\u2019Italia di oggi. Un\u2019Italia vista ed esplorata in profondit\u00e0, scannerrizata con gli occhi di chi vive altrove. Il loro viaggio tocca infatti i luoghi pi\u00f9 interessanti e significativi di ogni Regione e permette agli artisti di entrare in contatto con la ricchezza e la variet\u00e0 del territorio italiano. La peculiarit\u00e0 di ciascuna Regione \u00e8 la fonte ispiratrice per la creazione di nuove opere d\u2019arte, intimamente legate all\u2019esperienza dei luoghi visitati. Inseguito alle ricerche sui territori regionali, gli artisti sono infatti chiamati a creare una nuova opera, che \u00e8 esposta in una grande mostra collettiva alla Fondazione Sandretto Re Rebaudengo di Torino. Le opere appaiono cos\u00ec agli occhi dello spettatore come un grande diario di viaggio, trasformando il visitatore di Un\u2019Espressione Geografica in un viaggiatore contemporaneo: le storie, le esperienze, le sensazioni raccolte in ciascuna Regione sono al centro anche dell\u2019esperienza del visitatore della mostra, che pu\u00f2 riscoprire da prospettive inedite e inaspettate il nostro Paese.<br \/>\n\u201cLa Fondazione Sandretto Re Rebaudengo intende ancora una volta sottolineare il proprio impegno a favore delle arti contemporanee pi\u00f9 innovative, rafforzando il proprio ruolo di istituzione che mira al sostegno delle nuove generazioni di artisti e alla produzione delle loro opere. Ringrazio Banca Fideuram per aver creduto in questo progetto culturale e averne resopossibile la realizzazione\u201d dichiara Patrizia Sandretto Re Rebaudengo, Presidente dell\u2019omonima Fondazione.<\/p>\n<p>\u201cBanca Fideuram - commenta l\u2019Amministratore Delegato Matteo Colafrancesco - ha voluto contribuire alle celebrazioni dell\u2019Unit\u00e0 d\u2019Italia dando il proprio apporto ad un evento che valorizza le ricchezze del nostro Paese. L\u2019occasione offerta dalla mostra Un\u2019Espressione Geografica, con l\u2019attenzione di giovani artisti internazionali alle Regioni italiane, ci permettedi riaffermare quei valori di presenza e conoscenza del territorio che da sempre contraddistinguono l\u2019azione del nostro Gruppo\u201d.<\/p>\n<p>La Regione Piemonte, oltre a sostenere l\u2019attivit\u00e0 della Fondazione Sandretto Re Rebaudengo, che con questa esposizione conferma la sua attenzione all\u2019avanguardia e al mondo giovanile, ha deciso di supportare con un intervento straordinario la mostra \u201cUn\u2019Espressione Geografica\u201d. Non poteva infatti mancare il contributo del Piemonte per un\u2019iniziativa dove sono proprio le Regioni d\u2019Italia a essere protagoniste, nell\u2019anno delle Celebrazioni dell\u2019Unit\u00e0 d\u2019Italia, all\u2019interno di un innovativo spaccato culturale, politico e sociale del nostro Paese.<\/p>\n<p>In occasione della mostra, sar\u00e0 pubblicato un catalogo con testi critici eapparati iconografici relativi alle opere e ai viaggi degli artisti in Italia.<\/p>\n<p>La mostra \u00e8 realizzata con il contributo straordinario della Regione Piemonte e con la partecipazione di Mont Blanc e Gruppo Sangemini.<\/p>\n<p>Sponsor Tecnico Reale Mutua.<\/p>\n<p>Si ringraziano: Ambasciata di Svezia, Ufficio culturale dell\u2019Ambasciata di Israele, Iaspis\u2013 The Swedish Arts Grants Committee\u2019s International Programme for Visual Artists, Istituto Romeno di Cultura e Ricerca Umanistica di Venezia, Istituto Svizzero di Roma, Mondrian Foundation, Netherlands Fund for Visual Arts, Design and Architecture.<\/p>\n<p>Si ringrazia Best Western Hotel Luxor.<\/p>\n","protected":false},"excerpt":{"rendered":"<p>Artist\u0259: Ibon Aranberri, Johanna Billing, Sunah Choi, Isabelle Cornaro, Gintaras Did\u017eiapetris, Gabriel Kuri, Hilary Lloyd, Victor Man, Hugo Markl, Nathaniel Mellors, Roman Ond\u00e1k, Taiyo Onorato &amp; Nico Krebs, Ferhat \u00d6zg\u00fcr, [&hellip;]<\/p>\n","protected":false},"author":3,"featured_media":48479,"menu_order":0,"template":"","meta":{"_seopress_robots_primary_cat":"","_seopress_titles_title":"","_seopress_titles_desc":"","_seopress_robots_index":"","show_footer_widget":true,"show_related_exhibition":true,"related_subtitle":"","footnotes":""},"mostre":[],"m_author":[366],"m_venue":[439],"class_list":["post-48472","mostre","type-mostre","status-publish","has-post-thumbnail","hentry","m_author-francesco-bonami","m_venue-fondazione-sandretto-re-rebaudengo-torino"],"_links":{"self":[{"href":"https:\/\/fsrr.org\/en\/wp-json\/wp\/v2\/mostre\/48472"}],"collection":[{"href":"https:\/\/fsrr.org\/en\/wp-json\/wp\/v2\/mostre"}],"about":[{"href":"https:\/\/fsrr.org\/en\/wp-json\/wp\/v2\/types\/mostre"}],"author":[{"embeddable":true,"href":"https:\/\/fsrr.org\/en\/wp-json\/wp\/v2\/users\/3"}],"version-history":[{"count":2,"href":"https:\/\/fsrr.org\/en\/wp-json\/wp\/v2\/mostre\/48472\/revisions"}],"predecessor-version":[{"id":48487,"href":"https:\/\/fsrr.org\/en\/wp-json\/wp\/v2\/mostre\/48472\/revisions\/48487"}],"wp:featuredmedia":[{"embeddable":true,"href":"https:\/\/fsrr.org\/en\/wp-json\/wp\/v2\/media\/48479"}],"wp:attachment":[{"href":"https:\/\/fsrr.org\/en\/wp-json\/wp\/v2\/media?parent=48472"}],"wp:term":[{"taxonomy":"mostre","embeddable":true,"href":"https:\/\/fsrr.org\/en\/wp-json\/wp\/v2\/mostre?post=48472"},{"taxonomy":"m_author","embeddable":true,"href":"https:\/\/fsrr.org\/en\/wp-json\/wp\/v2\/m_author?post=48472"},{"taxonomy":"m_venue","embeddable":true,"href":"https:\/\/fsrr.org\/en\/wp-json\/wp\/v2\/m_venue?post=48472"}],"curies":[{"name":"wp","href":"https:\/\/api.w.org\/{rel}","templated":true}]}}

Un'Espressione Geografica. Unità e Identità dell’Italia attraverso l’Arte Contemporanea

<p><strong>Artistə:</strong> <strong>Ibon Aranberri, Johanna Billing, Sunah Choi, Isabelle Cornaro, Gintaras Didžiapetris, Gabriel Kuri, Hilary Lloyd, Victor Man, Hugo Markl, Nathaniel Mellors, Roman Ondák, Taiyo Onorato &amp; Nico Krebs, Ferhat Özgür, Tobias Putrih, Markus Schinwald, Kateřina Šedá, Ruti Sela &amp; Maayan Amir,  Michael Stevenson &amp; Cornelia Schmidt – Bleek, Ulla Von Brandenburg, Andro Wekua</strong></p>
<p>In occasione delle celebrazioni per i 150 anni dell’Unità d’Italia, Fondazione Sandretto Re Rebaudengo presenta la mostra Un’Espressione Geografica. Unità e Identità dell’Italia attraverso l’Arte Contemporanea realizzata in collaborazione con Banca Fideuram (Gruppo Intesa Sanpaolo). Un’Espressione Geografica, a cura di Francesco Bonami, ha il patrocinio del Comitato Italia 150.<br />
La mostra è aperta a Torino, negli spazi della Fondazione Sandretto Re Rebaudengo, il 19 maggio per concludersi il l'8 gennaio 2012.<br />
Perché celebrare 150 anni dell’unità d’Italia significa esaltare esclusivamente il passato del nostro Paese? “Un’espressione Geografica” celebra un’Italia contemporanea e guarda al futuro attraverso le opere di 20 artisti stranieri.<br />
Da uno sguardo innovativo e visionario sul nostro territorio nasce una mostra nuova, con opere nuove, realizzate e prodotte in Italia.</p>
<p>La mostra racconta il Paese di oggi e di domani, ritraendo le ricchezze e le specificità di ciascuna Regione. Ne emerge un ritratto inedito del panorama sociale, politico e culturale: come eravamo, ma soprattutto come siamo e come saremo. Un racconto delle meraviglie e delle contraddizioni che caratterizzano un’Italia unica, sempre in bilico tra tradizione e innovazione, storia e contemporaneità. Il 2 agosto 1847 lo statista austriaco Klemens Von Metternich scrisse, in una nota inviata al conte Dietrichstein, la famosa e controversa frase «L’Italia è un’espressione geografica». Tale frase venne ripresa l’anno successivo dal quotidiano napoletano Il Nazionale, riportandola però in senso dispregiativo: “L’Italia non è che un’espressione geografica”; nel pieno deiMoti del ‘48, i liberali italiani si appropriarono polemicamente di quest’ultima interpretazione utilizzandola, in chiave patriottica per risvegliare il sentimento anti-austriaco negli italiani. Gli storici sono abbastanza concordi nel riconoscere nell’affermazione di Metternich la constatazione di uno stato di fatto, piuttosto che una connotazione negativa: dal punto di vista politico, infatti, lo statista austriaco notava come l’Italia fosse “composta da Stati sovrani, reciprocamente indipendenti”</p>
<p>Partendo dalla definizione “Espressione Geografica“ la Fondazione Sandretto Re Rebaudengo desidera riflettere su come oggi, in un mondo globale dove lo scambio fra le culture e le economie ha cancellato l’antico concetto di confine, la geografia di una nazione sia ritornata a essere un argomento estremamente attuale. Un’Espressione Geografica è il risultato di un viaggio in Italia intrapreso da venti artisti, provenienti da diverse nazioni europee, ognuno in una delle venti Regioni italiane. Ogni artista è accompagnato nel suo viaggio da un giovane corrispondente della Regione prescelta, che lo guida attraverso il territorio di quest’ultima rivelandone l’identità e le specificità. Gli artisti si trasformano così in Goethe contemporanei per interpretare, attraverso il loro linguaggio individuale, l’Italia di oggi. Un’Italia vista ed esplorata in profondità, scannerrizata con gli occhi di chi vive altrove. Il loro viaggio tocca infatti i luoghi più interessanti e significativi di ogni Regione e permette agli artisti di entrare in contatto con la ricchezza e la varietà del territorio italiano. La peculiarità di ciascuna Regione è la fonte ispiratrice per la creazione di nuove opere d’arte, intimamente legate all’esperienza dei luoghi visitati. Inseguito alle ricerche sui territori regionali, gli artisti sono infatti chiamati a creare una nuova opera, che è esposta in una grande mostra collettiva alla Fondazione Sandretto Re Rebaudengo di Torino. Le opere appaiono così agli occhi dello spettatore come un grande diario di viaggio, trasformando il visitatore di Un’Espressione Geografica in un viaggiatore contemporaneo: le storie, le esperienze, le sensazioni raccolte in ciascuna Regione sono al centro anche dell’esperienza del visitatore della mostra, che può riscoprire da prospettive inedite e inaspettate il nostro Paese.<br />
“La Fondazione Sandretto Re Rebaudengo intende ancora una volta sottolineare il proprio impegno a favore delle arti contemporanee più innovative, rafforzando il proprio ruolo di istituzione che mira al sostegno delle nuove generazioni di artisti e alla produzione delle loro opere. Ringrazio Banca Fideuram per aver creduto in questo progetto culturale e averne resopossibile la realizzazione” dichiara Patrizia Sandretto Re Rebaudengo, Presidente dell’omonima Fondazione.</p>
<p>“Banca Fideuram - commenta l’Amministratore Delegato Matteo Colafrancesco - ha voluto contribuire alle celebrazioni dell’Unità d’Italia dando il proprio apporto ad un evento che valorizza le ricchezze del nostro Paese. L’occasione offerta dalla mostra Un’Espressione Geografica, con l’attenzione di giovani artisti internazionali alle Regioni italiane, ci permettedi riaffermare quei valori di presenza e conoscenza del territorio che da sempre contraddistinguono l’azione del nostro Gruppo”.</p>
<p>La Regione Piemonte, oltre a sostenere l’attività della Fondazione Sandretto Re Rebaudengo, che con questa esposizione conferma la sua attenzione all’avanguardia e al mondo giovanile, ha deciso di supportare con un intervento straordinario la mostra “Un’Espressione Geografica”. Non poteva infatti mancare il contributo del Piemonte per un’iniziativa dove sono proprio le Regioni d’Italia a essere protagoniste, nell’anno delle Celebrazioni dell’Unità d’Italia, all’interno di un innovativo spaccato culturale, politico e sociale del nostro Paese.</p>
<p>In occasione della mostra, sarà pubblicato un catalogo con testi critici eapparati iconografici relativi alle opere e ai viaggi degli artisti in Italia.</p>
<p>La mostra è realizzata con il contributo straordinario della Regione Piemonte e con la partecipazione di Mont Blanc e Gruppo Sangemini.</p>
<p>Sponsor Tecnico Reale Mutua.</p>
<p>Si ringraziano: Ambasciata di Svezia, Ufficio culturale dell’Ambasciata di Israele, Iaspis– The Swedish Arts Grants Committee’s International Programme for Visual Artists, Istituto Romeno di Cultura e Ricerca Umanistica di Venezia, Istituto Svizzero di Roma, Mondrian Foundation, Netherlands Fund for Visual Arts, Design and Architecture.</p>
<p>Si ringrazia Best Western Hotel Luxor.</p>

<p>Artistə: Ibon Aranberri, Johanna Billing, Sunah Choi, Isabelle Cornaro, Gintaras Didžiapetris, Gabriel Kuri, Hilary Lloyd, Victor Man, Hugo Markl, Nathaniel Mellors, Roman Ondák, Taiyo Onorato &amp; Nico Krebs, Ferhat Özgür, [&hellip;]</p>
